?
False
Is 4434976199 prime?
False
Is 1501916327 composite?
False
Is 40161175433 a prime number?
False
Is 753567019 composite?
False
Is 19698906133 composite?
True
Is 296527003 a composite number?
False
Is 7130085385 composite?
True
Is 4243940413 a prime number?
True
Is 2371897771 prime?
True
Is 378881640155 a composite number?
True
Is 150467027 a prime number?
True
Is 3790868839 prime?
True
Is 3101337199 a composite number?
False
Is 37962585467 a prime number?
False
Is 14204077343 a prime number?
True
Is 60167896661 a composite number?
True
Is 20693314639 a prime number?
False
Is 557587033 prime?
False
Is 10146428857 a composite number?
True
Is 2081431631 composite?
True
Is 3129041803 prime?
True
Is 12431628499 composite?
True
Is 70090923301 a composite number?
True
Is 217306787 prime?
False
Is 153558323621 a prime number?
False
Is 1090935823 a prime number?
False
Is 932943083 composite?
False
Is 2589425647 a composite number?
True
Is 2531627929 composite?
True
Is 142954327 a prime number?
True
Is 1249185061 prime?
True
Is 16511382779 a prime number?
False
Is 7874414651 composite?
True
Is 427387423 prime?
False
Is 1154874659 a prime number?
True
Is 2622410291 composite?
False
Is 1030407747 a prime number?
False
Is 28642784363 a prime number?
True
Is 5656665283 composite?
True
Is 963747841 a prime number?
False
Is 33506040509 a composite number?
True
Is 723092891 composite?
True
Is 61898240627 a prime number?
False
Is 13452538487 prime?
True
Is 22315802914 a composite number?
True
Is 4374581177 a prime number?
True
Is 447168809 a prime number?
True
Is 946540073 prime?
True
Is 4536721993 a prime number?
True
Is 55699818407 a composite number?
True
Is 1279869659 composite?
True
Is 922893061 a prime number?
False
Is 26863205846 a composite number?
True
Is 859652201 a composite number?
False
Is 2870759149 a prime number?
False
Is 3491012911 composite?
True
Is 808607 composite?
True
Is 11122000801 a prime number?
False
Is 423602573 prime?
False
Is 71700412279 prime?
True
Is 3557867809 composite?
False
Is 14020837417 a composite number?
False
Is 9029367001 a composite number?
False
Is 1063479029 prime?
True
Is 18709696133 a prime number?
True
Is 3857845363 a prime number?
False
Is 7590395863 prime?
True
Is 183989843 composite?
False
Is 55538480498 composite?
True
Is 2364395401 composite?
False
Is 26436948661 prime?
False
Is 3082344917 a prime number?
True
Is 34924826483 a prime number?
True
Is 5308828165 composite?
True
Is 641100569 a prime number?
True
Is 447211447 prime?
True
Is 7025339 composite?
False
Is 55318933 a composite number?
True
Is 82312519129 prime?
True
Is 1224311111 a prime number?
False
Is 80158216711 composite?
True
Is 2092040759 a composite number?
False
Is 1945776853 composite?
False
Is 25535922173 a composite number?
True
Is 585584399 composite?
False
Is 24590293913 prime?
False
Is 3205217 composite?
False
Is 4128447199 a prime number?
True
Is 93899240489 a prime number?
True
Is 229248367 a composite number?
False
Is 1496160607 a prime number?
False
Is 12130714201 a prime number?
True
Is 80342303 prime?
True
Is 3140005109 prime?
False
Is 28686353327 prime?
True
Is 4864138493 a prime number?
False
Is 9778494899 composite?
True
Is 94062161 a prime number?
False
Is 2386124579 prime?
True
Is 733893301 a prime number?
True
Is 321242231 a prime number?
True
Is 13158578813 prime?
False
Is 54365437 composite?
True
Is 1947397289 a prime number?
True
Is 95404772833 a prime number?
True
Is 1342412317 prime?
True
Is 385507609 a composite number?
False
Is 245975252079 a prime number?
False
Is 611765197 prime?
False
Is 146057845699 composite?
False
Is 284684089 prime?
False
Is 37811911 prime?
False
Is 179202533 a composite number?
False
Is 139092091 composite?
True
Is 71125016219 prime?
False
Is 2109680861 composite?
False
Is 1080802295 a prime number?
False
Is 2500407541 a composite number?
True
Is 4696436827 prime?
True
Is 60964038767 composite?
False
Is 242833091 prime?
False
Is 2337511133 composite?
True
Is 2222124301 prime?
False
Is 2314626617 prime?
False
Is 129846221611 a prime number?
True
Is 1299603343 composite?
True
Is 299999243 a composite number?
True
Is 6856409257 a prime number?
True
Is 8791059181 a prime number?
True
Is 57481133329 a prime number?
False
Is 15396558431 composite?
False
Is 35436024523 a prime number?
True
Is 307655339 prime?
False
Is 820982527 composite?
True
Is 9495497959 a prime number?
False
Is 250281931 composite?
False
Is 11523834869 a prime number?
True
Is 175544297 prime?
False
Is 86939601683 a prime number?
False
Is 2374583773 a prime number?
False
Is 284129380415 a composite number?
True
Is 4677846451 composite?
True
Is 2952472223 a composite number?
True
Is 916485337 prime?
False
Is 770613227 a composite number?
False
Is 2382420731 a composite number?
True
Is 9508710353 a prime number?
True
Is 1303526797 composite?
False
Is 7711641601 prime?
False
Is 3621138463 a composite number?
True
Is 56913003241 a composite number?
False
Is 8691702049 prime?
True
Is 10432822 a prime number?
False
Is 8262893 prime?
False
Is 461915323 a prime number?
True
Is 4165924129 composite?
False
Is 93857567173 a composite number?
True
Is 2670996403 a prime number?
False
Is 50826244487 a composite number?
False
Is 82841851333 a composite number?
False
Is 1109856817 prime?
True
Is 33869966054 a prime number?
False
Is 15126433229 prime?
False
Is 31605868799 a prime number?
False
Is 1431180743 a prime number?
False
Is 105305255197 composite?
True
Is 2014666117 a prime number?
False
Is 2186285287 a prime number?
True
Is 45427248211 composite?
False
Is 4292562751 composite?
False
Is 9870532349 composite?
False
Is 304960819 a prime number?
True
Is 199549591 a prime number?
False
Is 220415087 composite?
False
Is 2021680639 a composite number?
True
Is 3926172883 composite?
False
Is 772106591 composite?
True
Is 453107387 composite?
False
Is 66901930633 prime?
True
Is 15375472879 prime?
False
Is 1107449711 a composite number?
False
Is 707839123 composite?
True
Is 55449996869 prime?
True
Is 12225592231 a prime number?
True
Is 65256590149 a composite number?
True
Is 24854402317 a prime number?
False
Is 70706419 a composite number?
True
Is 1233471781 a composite number?
False
Is 55599214771 a prime number?
True
Is 1704691309 prime?
False
Is 67886970641 a prime number?
False
Is 1106981923 a prime number?
True
Is 311162011 a composite number?
False
Is 2888898751 prime?
True
Is 794685091 prime?
True
Is 91969266491 composite?
True
Is 14199463063 prime?
False
Is 175178676521 a composite number?
False
Is 485566687 a composite number?
False
Is 70846141273 prime?
False
Is 73021624561 composite?
False
Is 24773218499 a prime number?
False
Is 598745369 a prime number?
True
Is 1044476813 a prime number?
True
Is 52519699 prime?
True
Is 1570699939 composite?
True
Is 44121754189 composite?
False
Is 1618729601 composite?
False
Is 19241021981 a composite number?
True
Is 31254295283 prime?
True
Is 2581662067 a composite number?
True
Is 44565827806 prime?
False
Is 7855936433 prime?
True
Is 6433695889 composite?
True
Is 12129162673 a prime number?
True
Is 7175833463 composite?
True
Is 1303631867 a prime number?
False
Is 5597394791 composite?
True
Is 39040793521 composite?
True
Is 112372018177 a composite number?
False
Is 13422934043 a prime number?
True
Is 103008242 composite?
True
Is 15137560891 a prime number?
True
Is 45916361069 composite?
False
Is 68995447 composite?
False
Is 3106270471 prime?
False
Is 2289077227 a prime number?
True
Is 1400395811 composite?
True
Is 1190905711 a composite number?
True
Is 6565113749 a prime number?
True
Is 124472563 prime?
True
Is 12099224647 a composite number?
True
Is 6197236049 prime?
False
Is 36648555179 composite?
False
Is 42298510487 composite?
True
Is 22311549979 composite?
False
Is 306178477 prime?
False
Is 1436558083 a composite number?
True
Is 7418893 prime?
True
Is 532151743 a composite number?
False
Is 4163892595 composite?
True
Is 42138400363 a prime number?
True
Is 106345369 a prime number?
False
Is 13715009957 prime?
False
Is 236039719 composite?
True
Is 98352384323 prime?
True
Is 1043852963 composite?
False
Is 6027404147 a composite number?
False
Is 753004897 a prime number?
True
Is 161607241 prime?
Tr